 common factor of c and w.
7
Let g = 28292 - 28255. What is the highest common divisor of g and 6438?
37
Suppose 31*t = -19*t + 250. Suppose -596 = -2*d - 4*m, -t*d + 4*d + 3*m + 293 = 0. What is the greatest common factor of 37 and d?
37
Suppose -13189 = -2*c - 9*c. Calculate the highest common factor of 44 and c.
11
Suppose 0 = 28*r + 5*r + 337 - 1096. Calculate the highest common factor of 3450 and r.
23
Let r be ((-3)/(-9)*0)/(-2). Let p = r - -50. Let w = -32 + p. Calculate the greatest common factor of w and 27.
9
Let y(l) = 14*l - 27. Let m be y(25). Suppose -2*q - p - 55 = -5*q, -4*q = -2*p - 72. What is the greatest common divisor of m and q?
19
Let f = -777 - -1362. Let q be 0 + ((-18)/(-63))/((-2)/(-91)) + -4. Suppose -q*v = 4*v - f. What is the greatest common divisor of v and 18?
9
Suppose 109*d + 49*d - 10*d = 29600. Calculate the highest common divisor of d and 150.
50
Suppose -5*a = 3*n - 415, 0*n - 5*n = 4*a - 332. Suppose 0 = -4*q + 9*k - 11*k + 3644, 0 = -2*k - 8. What is the greatest common factor of q and a?
83
Suppose 22295 + 81745 - 24008 = 61*c. What is the highest common divisor of c and 41?
41
Suppose -1212*n + 6090 = -1197*n. Let i = 15 - 13. Let l be (-1 + i)/(1/58). Calculate the greatest common divisor of n and l.
58
Let p = 7268 - 6601. What is the highest common factor of p and 1363?
29
Let w = 7565 - 5351. Calculate the highest common factor of 270 and w.
54
Let b = 23340 - 23065. Suppose -5*o + 134 = 9. What is the highest common factor of b and o?
25
Let q be (-6)/22 + (-2074)/(-748) - (-86)/4. Let z(n) = -n**3 + 9*n**2 - 10*n + 4. Let y be z(7). Calculate the greatest common divisor of y and q.
8
Let m = -89 + 154. Suppose -2*b - 4*q + 33 + m = 0, 3*b = 5*q + 158. What is the greatest common factor of b and 85?
17
Let h be ((-3)/(-2))/(66/(-24) - -2). Let m be ((-3)/(h - 4))/((-1)/(-6)). Let f be (-6)/(-8) - 9*m/(-12). Calculate the highest common factor of f and 27.
3
Let u be -150*(24/6)/4. Let j = u + 175. What is the greatest common divisor of j and 1?
1
Let v(d) = -695*d - 3985. Let b be v(-18). What is the greatest common factor of b and 225?
25
Let f be 8*((-28)/(-8) - 4). Let b be (f/(-8))/(1/52). Suppose 5*x - 3*x - b = 0. Calculate the greatest common divisor of x and 169.
13
Suppose -57*v = -58*v + 1. Let k(l) = 92*l**2 + 6*l - 6. Let w be k(v). What is the greatest common factor of 23 and w?
23
Suppose -3*w - h + 94927 = -5*h, w - 31639 = 3*h. Let z = 16021 - w. Let c be z/(-196) - 2/(-7). What is the greatest common factor of c and 32?
16
Suppose -280 - 182 = -7*b. Let z be 3/(-2)*(b/(-18) - -1). Suppose 3*d + 514 = 4*g, -3*d + d = -z*g + 516. Calculate the greatest common divisor of 52 and g.
26
Let j(s) = -7*s**2 - 8*s + 57. Let l be j(-7). Let x = 685 + l. Calculate the greatest common factor of x and 65.
65
Suppose 17*f - 13*f + 338 = 2*p, 3*f + 249 = -3*p. Let h be (f/(-45) + (-14)/(-105))*19. Let y = h + 83. Calculate the highest common divisor of 22 and y.
11
Let f = -219904 + 220093. Let v = 6 + 1. Calculate the highest common factor of f and v.
7
Let z be 46/138*(0 - 2541/(-1)). Let u = z + -804. What is the highest common factor of u and 301?
43
Let o(n) = -2*n**2 - 45*n - 73. Let y be o(-19). What is the highest common factor of y and 924?
12
Let k = -3860 - -4041. What is the greatest common divisor of k and 9231?
181
Let s be (-2*1 - 1)*(-27 - -12). Let h(c) = c + 2. Let k be h(-5). Let p be (-105)/(-10) + k/2. Calculate the greatest common factor of s and p.
9
Suppose q - h - 643 = 0, -28*h = -2*q - 31*h + 1296. What is the greatest common divisor of 35 and q?
5
Let l(m) = 402*m**2 + 6*m - 3. Let p be l(2). What is the greatest common divisor of p and 66?
33
Suppose 0 = -3*x + 3, -7*s + 596 = -2*s + x. Calculate the greatest common divisor of s and 408.
17
Let y = -70 + 73. Suppose y*d = 4*x + 252, -2*x = d - 4*d + 132. Let t be (-8)/2 + 11/((-66)/x). What is the highest common divisor of 54 and t?
6
Let l = -5837 - -5895. Calculate the highest common divisor of l and 203.
29
Suppose -5*j = -212*o + 210*o + 164, 0 = 5*o + 4*j - 377. Calculate the highest common factor of 133 and o.
7
Let q(r) = 5*r**2 + 43*r + 20. Let p = -33 + 24. Let a be q(p). What is the highest common factor of a and 589?
19
Let i be (-36)/(-24)*-8*(-70)/6. Suppose i + 31 = 3*d. Let g = -33 + d. What is the greatest common divisor of g and 18?
6
Suppose 0 = 69*w - 98*w + 58. Suppose 8*s - 39 = 241. Calculate the highest common factor of s and w.
1
Let i(u) = u**2 + 8*u - 30. Let j be i(5). Let g = 602 + -357. What is the highest common factor of j and g?
35
Suppose -20*f + 12775 + 2405 = 0. What is the highest common factor of f and 792?
33
Suppose 5*n + 2*m - 26 = 8*n, -3*n - 19 = 5*m. Let y be (52/8 - 4/n) + -4. Calculate the greatest common factor of y and 6.
3
Let g(l) = 171*l**2 + 1840*l + 4. Let x be g(-11). Calculate the highest common divisor of x and 280.
35
Let d be 5026680/1260 + (-4)/((-1)/(2/14)). What is the greatest common factor of 42 and d?
42
Let a(t) = 693*t - 9150. Let r be a(14). What is the greatest common factor of r and 3450?
138
Suppose g - 28 = 5*r + 21, -2*g - 2*r = -62. Let n(p) = p**2 + 11*p - 446. Let d be n(28). Calculate the highest common divisor of g and d.
34
Suppose -9*x + 12*x - 36 = 0. Let s be (-3 + 91)*9/x. Let p = s - 54. Calculate the highest common divisor of p and 72.
12
Suppose 0 = -p + 14 - 5. Suppose -p*t = -10*t + 30. Let h be (-1)/((-33)/30 + 3 + -2). Calculate the greatest common divisor of h and t.
10
Let g(y) = 3*y + 9. Let r be g(3). Suppose -6*b = -81 - 27. What is the highest common divisor of r and b?
18
Suppose -18*x = -16*x - 6. Let q be (-4)/(-22) + x + 5862/66. What is the greatest common factor of 414 and q?
46
Let c = -50843 + 50865. Let z(w) = -4*w**3 - 4*w**2 - 3*w + 3. Let j be z(-5). What is the highest common divisor of c and j?
22
Suppose 0 = 28*j - 3918 - 1682. Calculate the greatest common factor of 225 and j.
25
Let p(y) = 13*y - 88. Let w be p(10). Let g be 12/3 + 4/2. What is the greatest common factor of w and g?
6
Let y(z) be the first derivative of 11*z**3/3 + 7*z**2/2 - 10*z + 67. Let x be y(-5). Calculate the highest common divisor of 92 and x.
46
Suppose -2*a = 5*d - 15, 4*d + 0*a + a - 12 = 0. Suppose 0 = -l - 0*l + d. Let h be (l/9*3*-39)/(-1). Calculate the greatest common divisor of h and 273.
39
Suppose -51*c + 1069 = 5*y - 49*c, 2*y = -3*c + 421. What is the highest common factor of y and 559?
43
Let i = -1528 - -1680. What is the greatest common divisor of i and 528?
8
Let r = -792 + 928. Let z = 1 + 3. Let c be (-1 - (z + -41)) + -2. What is the greatest common divisor of r and c?
34
Suppose 294*w - 52916 = -9314 + 7554. What is the greatest common divisor of w and 486?
6
Let h(u) = u**2 + u - 2. Suppose 5*q - 42 = -16*q. Let i be h(q). Calculate the greatest common divisor of i and 8.
4
Let u = -410 + 428. Let q be 261/u*4 - (-3 + 1). What is the greatest common factor of 270 and q?
30
Suppose 4*f = 5*h + 41 - 13, 56 = 4*f + 2*h. Let k be -15 + f + -28 + -1 + 0. Let g = k - -38. What is the highest common divisor of 18 and g?
6
Let z(l) = -2*l + 2. Let k be z(1). Suppose k = -2*j + 3*i + 153, 3*i + 418 = 5*j + 49. What is the highest common divisor of 36 and j?
36
Let i be -171*13/39*-1. What is the highest common factor of 133 and i?
19
Suppose -2*c + 10*k = 9*k - 3630, -5*k = -c + 1797. What is the highest common factor of 790 and c?
79
Suppose -791*q = -817*q + 111150. Calculate the greatest common factor of q and 190.
95
Let b(q) = -1769*q + 231. Let m be b(-1). Calculate the greatest common factor of 160 and m.
80
Suppose -86*c - 73*c + 35568 = -42*c. What is the greatest common factor of c and 2888?
152
Let d(t) = t**3 - t**2. Let y be d(-2). Let j be (-1 - -772) + 25/((-75)/y). What is the greatest common factor of 31 and j?
31
Let l be 0 + 101 - (-2 - -4). Suppose 5*r + 60*m - 1111 = 56*m, 8*r - 5*m = 1903. What is the greatest common divisor of r and l?
33
Suppose 3*d = 4*x - 343, 0 = 3*x - 0*d + 5*d - 221. What is the highest common divisor of 1558 and x?
82
Let u be 0 + (94/4)/((133/630)/19). Calculate the highest common factor of u and 75.
15
Let y = -2983 + 2984. What is the greatest common divisor of y an